{"id":15443,"date":"2023-03-29T20:08:40","date_gmt":"2023-03-29T19:08:40","guid":{"rendered":"https:\/\/paris-pocket.com\/testimonial\/giunio\/"},"modified":"2023-03-29T20:09:38","modified_gmt":"2023-03-29T19:09:38","slug":"giunio","status":"publish","type":"testimonial","link":"https:\/\/paris-pocket.com\/it\/testimonial\/giunio\/","title":{"rendered":"Giunio"},"content":{"rendered":"<p>Ho contattato Elena per un\u2019annosa questione di Carte Vitale.\u00a0La pratica \u00e8 stata trattata con celerit\u00e0, professionalit\u00e0 ed efficenza.\u00a0Sinceramente ne sa pi\u00f9 lei di molti funzionari delle varie CPAM\/CAF\/ POLE EMPLOI ecc ecc\u2026\u00a0Grazie mille !!\u00a0Giunio<\/p>\n","protected":false},"featured_media":0,"template":"","class_list":["post-15443","testimonial","type-testimonial","status-publish","hentry"],"_links":{"self":[{"href":"https:\/\/paris-pocket.com\/it\/wp-json\/wp\/v2\/testimonial\/15443","targetHints":{"allow":["GET"]}}],"collection":[{"href":"https:\/\/paris-pocket.com\/it\/wp-json\/wp\/v2\/testimonial"}],"about":[{"href":"https:\/\/paris-pocket.com\/it\/wp-json\/wp\/v2\/types\/testimonial"}],"wp:attachment":[{"href":"https:\/\/paris-pocket.com\/it\/wp-json\/wp\/v2\/media?parent=15443"}],"curies":[{"name":"wp","href":"https:\/\/api.w.org\/{rel}","templated":true}]}}

<p>Ho contattato Elena per un’annosa questione di Carte Vitale. La pratica è stata trattata con celerità, professionalità ed efficenza. Sinceramente ne sa più lei di molti funzionari delle varie CPAM/CAF/ POLE EMPLOI ecc ecc… Grazie mille !! Giunio</p>
